- 2278 = -123*h + 98*h. Let j(m) = m**3 + 35*m**2 + 33*m - 30. Give j(h).
4
Let x(u) = 3*u**2 - u - 1. Let j(w) = -70*w**2 + 25*w + 20. Let n(g) = j(g) + 25*x(g). Give n(2).
15
Let n(c) = 3*c + 4. Let q = 588 - 589. Give n(q).
1
Let d be (-2 + -1)*(451/(-3) - -3). Let y be 0 - (-4)/(-26) - (-952)/d. Let i(c) = 4 + 68*c**y - 2*c - c**3 + 70*c**2 - 134*c**2. Give i(4).
-4
Let n(p) = -5*p**2 + 6*p + 9. Let l(h) = 9*h**2 - 12*h - 17. Let o(x) = 4*l(x) + 7*n(x). Suppose -j + 11 = -12. Suppose j = 2*v + 13. Give o(v).
-10
Let w(i) = -13*i**2 + 37*i - 29. Let q(v) = -22*v - 206. Let z be q(-9). Let c(o) = 8*o**2 - 24*o + 19. Let j(p) = z*c(p) - 5*w(p). Let g = -8 + 1. Give j(g).
-7
Let f(j) be the second derivative of -5*j + 0*j**4 - 23/2*j**2 + 0 + 1/20*j**5 + 1/6*j**3. Let k = 682 - 682. Determine f(k).
-23
Let k(h) = 2*h - 39. Let a be 8*28/126*9. What is k(a)?
-7
Suppose -c + 298 = 292. Suppose -c*d + 102 = 138. Let s(j) = -j**2 - 4*j + 9. What is s(d)?
-3
Let w(c) be the second derivative of c**4/12 - 13*c**3/6 + 45*c**2/2 - 2*c - 419. Calculate w(9).
9
Let r(w) be the first derivative of 3*w**2/2 + 27*w - 1697. Give r(-6).
9
Suppose -31 = 2*i + p, 354*i - 357*i - 5*p = 29. Let v(a) = 3*a + 36. Give v(i).
-18
Let q be ((-6)/4)/(17/((-5984)/(-33))). Let y(x) = -x**3 - 17*x**2 - 13*x + 18. Determine y(q).
-30
Let x(m) = m**2 + 28*m - 5. Suppose 8*f = 61 + 3. Let u = -36 + f. Let p be x(u). Let r(z) = z**3 + 4*z**2 - 5*z + 2. Give r(p).
2
Let y = -1286 - -1276. Let f(z) = 3 - 5 - 4 + z**2 + 8*z. What is f(y)?
14
Let b = -913 - -912. Let l(o) be the first derivative of o**3 + o**2/2 - 23. Determine l(b).
2
Suppose -5*g = 5*d, -g + d = -3 - 3. Let t(z) = -92*z**g - 87*z**3 + 180*z**3 + z - 3*z**2 + 1. What is t(4)?
21
Let p = 1523 - 1528. Let m(i) = 12*i + 47. What is m(p)?
-13
Let i(l) = -20 + 24*l**2 - 3643*l**3 - 2*l**2 + l - 3650*l**3 + 7292*l**3. What is i(22)?
2
Let o be 7 - 165/25 - 106/(-10). Let z(l) = -192*l + 98*l + 95*l - o. Let p = -6 - -12. Give z(p).
-5
Let j = 17 - 46. Let i = j + 27. Let g be (-3)/(-6) + 15/i + 3. Let l(o) = -o**3 - 3*o**2 + 2*o + 1. What is l(g)?
9
Let x(p) = p**2 + 8*p + 47. Let f be x(-5). Suppose -8*z + 0*z = f. Let c(l) = -2*l - 9. Give c(z).
-1
Let y(r) = r**3 + 27*r**2 + 27*r + 30. Let h be y(-26). Let w(a) = a**3 - h*a**2 - 1356*a + 8 + 0*a**3 + 666*a + 680*a. Calculate w(6).
20
Let b(o) = 284*o + 1991. Let k be b(-7). Let z(g) = 3*g - 5*g + 3 + 5*g. Calculate z(k).
12
Let k(p) = 37*p - 93*p + 23*p + 32*p + 2*p**3 - 3*p**3 - 39 - 34*p**2. Calculate k(-34).
-5
Let b(r) be the second derivative of -r**5/40 - 3*r**4/8 - 53*r**3/2 - r**2/2 - 116*r. Let p(m) be the second derivative of b(m). Give p(-10).
21
Let z be ((-69)/(-46) - 2)/((-2)/44). Let y(o) = o**3 - 9*o**2 - 23*o + 9. What is y(z)?
-2
Suppose 5*a + 3 = -3*o - 4, -3*o = -3*a - 9. Let g(l) = 2 - o - 1 - 7*l - 2. Let f(k) = -3*k**2 - 333*k - 2. Let p be f(-111). Calculate g(p).
12
Let d(h) = h**3 + h**2 + 43*h + 3. Let z(q) = 13*q - 1. Let u(g) = d(g) - 3*z(g). Determine u(-4).
-58
Let l(o) = 3*o**2 - 8*o - 2. Let t(q) = -6*q**2 + 2*q**2 + 177 - 175 + 7*q. Let u(s) = 5*l(s) + 4*t(s). Give u(-12).
-2
Let j(o) = -o**3 + 8*o**2 + 8*o + 18. Let n = 4409 + -4400. Calculate j(n).
9
Let i(w) = -17*w + 354. Let l(s) = 8. Let o(c) = -i(c) + 17*l(c). Determine o(13).
3
Let z(q) = q - 20. Let o = 189 + -184. Let d(p) = p**2 - 17*p + 71. Let l be d(o). What is z(l)?
-9
Let j = -65 + 175. Let f be j/(-66) - (-2)/(-6). Let b(k) = -2*k**3 + k**2 + k + 1. What is b(f)?
19
Let w = -1 + -7. Let u(r) = -19*r - 8. Let q(s) = 7*s + 3. Let o(h) = 8*q(h) + 3*u(h). Let g(f) = 6*f - 9. Let m(p) = -g(p) - 5*o(p). What is m(w)?
17
Let g(z) = 4*z + 2. Suppose -4*b - k = 8 - 9, k - 2 = -5*b. What is g(b)?
6
Let k(b) = -27*b - 1. Suppose h = 3*g - 6*g + 1, 3*h + g - 11 = 0. Suppose 0 = -8*f + 6*f - h*q - 10, 5*f - 3*q = 1. Calculate k(f).
26
Let i(d) = 6*d - 58. Let u(p) = 668*p + 4017. Let a be u(-6). What is i(a)?
-4
Suppose 3*i - 43 = -16. Let s(d) = -d**3 + 10*d**2 - 7*d - 8. Let y(r) = 2*r**3 - 20*r**2 + 14*r + 15. Let x(z) = -5*s(z) - 3*y(z). Determine x(i).
13
Let t(l) be the first derivative of -5*l + 2*l**2 + 20 - 11*l**3 - 44 + 127 + 12*l**3. Give t(-4).
27
Let l = -81 - -88. Suppose -8*s - 11*s = -l*s. Let c(q) = q**3 - q**2 + 0*q**2 - 2*q**3 + 2*q**3 + 7. Calculate c(s).
7
Let l(z) = 336*z - 3*z**2 + 13 - 308*z + 4*z**2. Let h be l(-30). Let y = -73 + h. Let k(d) = d + 5. Determine k(y).
5
Let w be (492/48)/(1*3/48). Let m(b) = -167*b + b**2 + w*b - 11*b**3 + 12*b**3 - 5*b**2 + 2. Suppose 3*t + 0 = 12. Give m(t).
-10
Let x(r) = -2*r**3 - 2*r**2 - 2. Suppose 33*w - 33 = 30*w. Suppose 122 = -w*k + 34. Let p be (-9 + 8)/(2/k*-2). Give x(p).
6
Let o be 0/6*(1 - 0). Suppose 88 = 7*h + h. Let u(j) = -107 + 101 + 12*j - h*j. Give u(o).
-6
Let a(j) = -13*j**2 - 215*j + 199*j - 17 + 128*j**3 - 129*j**3. Determine a(-12).
31
Let p(b) = -26*b**2 + 15. Let j(l) = -18*l**2 + l + 12. Let x(t) = -6*j(t) + 4*p(t). What is x(6)?
96
Let v(l) = -65*l + 30. Let h(y) = -37*y + 15. Let m(f) = -7*h(f) + 4*v(f). Calculate m(0).
15
Let s(u) = u + 6. Let t(q) = -5*q + 52. Let p(f) = -f**2 + 6*f + 4. Let c be p(4). Let v be t(c). Give s(v).
-2
Let r = 6858 - 6871. Let l(f) = 6*f**2 + 19*f + 16. Let n(v) = -5*v**2 - 18*v - 16. Let g(x) = 4*l(x) + 5*n(x). What is g(r)?
-3
Let w(q) = 6*q**3 - q**2 + q + 2. Suppose -6*b = -550 - 1868. Let i = -401 + b. Determine w(i).
48
Let y(o) be the third derivative of o**5/60 + o**4/24 + 5*o**3/3 + o**2. Let c be (-16)/(-4) + -1 + (-1 - (11 - 9)). Determine y(c).
10
Let b(l) = 9*l - 73. Let f be b(16). Suppose -252 = -9*c + 414. Let h = c - f. Let g(u) = u**2 - 3*u + 2. Give g(h).
2
Let c(q) = -q**3 - 11*q**2 - q + 15. Suppose 8*t = 31 - 39. Let v(u) = u**2 - u - 3. Let j(o) = t*v(o) - c(o). Calculate j(-9).
51
Let d(m) be the first derivative of m**4/4 - 11*m**3/3 - m**2/2 + 15*m - 70. Suppose 5*r = -5*j + 6*j + 4, -r - 19 = -2*j. Determine d(j).
4
Suppose -2*j + 26 = -v, v - 56 = -4*j + 2*v. Let c = -11 + j. Let o(s) = 2 + 9*s - 3 - 5 + 4*s - 12*s. Give o(c).
-2
Let m(u) = u**2 + 78*u + 559. Let a be m(-70). Let i(v) = v. Let d(w) = w. Let q(n) = -3*d(n) - i(n). Determine q(a).
4
Let q(v) = 3*v + 2. Let u = -1833 + 1824. Determine q(u).
-25
Let y be 0/((-6)/(-1)) - -4. Suppose 3*q + 32 - 77 = 4*n, -q = -y*n - 7. Suppose -q*w - 42 = -5*w. Let c(i) = -3*i - 4. Determine c(w).
5
Let p = -15 - -26. Let f(c) = 5 + 0 - 3 + p*c. Let b(u) = 74*u - 2958. Let r be b(40). Give f(r).
24
Let p(l) = 14*l**3 - 13*l**2 + 28*l - 111. Let y(d) = -5*d**3 + 6*d**2 - 9*d + 38. Let s(h) = 4*p(h) + 11*y(h). Determine s(-13).
-26
Let c(l) = 80*l**3 - 56*l**2 - 297*l - 84. Let g(o) = 57*o**3 - 37*o**2 - 198*o - 56. Let p(u) = 5*c(u) - 7*g(u). What is p(25)?
-3
Let s(j) = 22*j - 180. Let v be s(8). Let t(h) = h**2 + 2*h + 2. Calculate t(v).
10
Let k(g) = -g**2 + 14*g + 392. Let r be k(-14). Let q(d) be the third derivative of 9*d**2 + 0*d + r + 1/6*d**4 + d**3. Determine q(-5).
-14
Let x = -101 - -106. Let m be 6/((-12)/x)*(4 + -14). Let k(v) = 2*v**2 - 48*v - 46. Let t be k(m). Let d(c) = -c**2 + 5*c - 5. Give d(t).
-1
Let z(c) be the second derivative of c**6/720 + c**5/20 + c**4/6 + c**3/3 - 77*c. Let h(s) be the third derivative of z(s). What is h(0)?
6
Suppose 19*b - 100 = 9*b. Suppose 0 = -b*x - 324 + 254. Let k(l) = -l**3 - 8*l**2 - 8*l - 1. Give k(x).
6
Let y(w) be the third derivative of -1/8*w**4 + 19/6*w**3 + 26*w**2 + 0*w + 0 + 7/120*w**5. Let q(u) be the first derivative of y(u). Determine q(2).
11
Suppose -4 = 2*r - 4*r, 5*t = -4*r + 18. Let w(x) = 3 - t*x - 5*x + 4*x - x. Determine w(2).
-5
Suppose -1864 - 2420 = -18*i. Let z(u) = -245 + i + 2*u - 4*u. What is z(-6)?
5
Let r(a) = -10*a - 11. Let z(t) = -t - 10. Let k(y) = 2*y + 9. Let p(m) = 4*k(m) + 3*z(m). Let c(i) = 7*p(i) + 4*r(i). What is c(-3)?
13
Suppose -83*r = -80*r - 3591. Let d(w) = 1201*w - 6 - 2406*w + r*w + w**2. What is d(7)?
-13
Suppose 119*h = -10 + 362 + 124. Let u(d) be the third derivative of 0*d + 1/60*d**5 + 0 - 4/3*d**3 + 24*d**2 - 7/24*d**h. Give u(6).
-14
Let y be 23/7 + (-26)/91. Let i(j) be the third derivative of -9*j - j**2 - 1/120*j**6 + 0 + 0*j**3 + 1/24*j**4 + 1/20*j**5. Determine i(y).